2 - 35*u - 8. Calculate x(12).
4
Let z(k) = k - 3. Give z(-2).
-5
Let w(j) = -j + 7. Determine w(6).
1
Let o(t) = -3*t + 13. Determine o(6).
-5
Let m(j) = 9*j + 20. Calculate m(-10).
-70
Let c(b) = -4*b**3 - b**2 - 9*b - 7. Calculate c(-2).
39
Let p(t) = t**3 + 6*t**2 - 2*t + 8. Determine p(-6).
20
Let k(n) = n**2 - 22*n + 17. Determine k(21).
-4
Let x(v) = -v**3 + v**2 + v + 44. Give x(0).
44
Let g(a) = -53*a + 4. Calculate g(-1).
57
Let q(r) = -41*r + 70. Calculate q(2).
-12
Let x(c) = -3*c + 34. Give x(11).
1
Let o(g) = g**3 + 2*g**2 + 4. Determine o(-3).
-5
Let t(l) = -l**2 - 11*l + 32. Calculate t(-13).
6
Let r(n) = -2*n**2 - 16*n + 72. Determine r(-11).
6
Let a(g) = -g**2 - 6*g + 17. Determine a(-7).
10
Let v(r) = -r**3 + 16*r**2 + 2*r - 27. What is v(16)?
5
Let y(w) = w**2 - 3*w - 17. Give y(0).
-17
Let g(y) = y**2 - 7*y - 9. What is g(-6)?
69
Let k(i) = -i**2 - 4*i + 11. Calculate k(-6).
-1
Let n(x) = -13*x + 80. Calculate n(6).
2
Let j(q) = -2*q**2 + 6*q - 3. Calculate j(5).
-23
Let k(u) = -11*u + 149. Calculate k(14).
-5
Let g(m) = -10*m**2 - 5*m - 6. Give g(-3).
-81
Let k(c) = -2*c - 15. Give k(-31).
47
Let t(y) = 6*y**2 + 49*y + 21. Calculate t(-8).
13
Let d(g) = -g - 7. Calculate d(0).
-7
Let h(u) = 3*u - 5. Give h(4).
7
Let a(q) = q**3 - 5*q**2 - 15*q + 74. Determine a(5).
-1
Let c(u) = 65*u**3 - u**2 - 3*u - 2. Give c(-1).
-65
Let b(g) = -2*g**3 - g**2 - 18*g - 34. Calculate b(-2).
14
Let a(l) = -l**2 + 9*l - 4. Give a(1).
4
Let t(h) = -11*h**2 - 111*h. What is t(-10)?
10
Let t(g) = g**3 - g**2 - 2*g + 48. Give t(0).
48
Let t(c) = 6*c - 41. Determine t(17).
61
Let z(g) = -g**2 - 10*g + 7. Give z(-10).
7
Let c(x) = -5*x - 60. Calculate c(-10).
-10
Let o(l) = -l**2 + 25*l - 33. What is o(24)?
-9
Let m(h) = -9*h - 6. What is m(5)?
-51
Let k(b) = -5*b**2 + 4*b - 5. Calculate k(2).
-17
Let q(k) = -2*k - 1. Give q(-1).
1
Let q(a) = 9*a + 42. Calculate q(5).
87
Let i(w) = -w**3 - 7*w**2 - w - 12. Calculate i(-7).
-5
Let w(a) = a**2 + 3*a + 2. Determine w(-8).
42
Let n(q) = 10*q - 289. Calculate n(28).
-9
Let t(u) = -u**2 + 54*u - 408. Determine t(9).
-3
Let a(t) = 3*t**3 + 2*t**2 - 7. Calculate a(-3).
-70
Let d(f) = f**3 - 9*f**2 + 11*f - 6. Calculate d(8).
18
Let w(v) = v**3 - 37*v**2 + 160*v. Calculate w(32).
0
Let i(h) = 25*h**2 - 1. Determine i(1).
24
Let y(b) = b**2 - 5*b + 3. Determine y(4).
-1
Let s(u) = -u**3 + 6*u**2 + 21*u - 9. What is s(8)?
31
Let j(w) = -w**2 - 3*w + 23. What is j(-6)?
5
Let k(b) = -b + 8. Give k(-15).
23
Let q(o) = o**2 + 14*o + 15. Calculate q(-12).
-9
Let c(z) = 5*z - 4. Calculate c(2).
6
Let v(x) = -x**2 + 8*x + 3. Determine v(9).
-6
Let l(m) = 4*m - 30. Determine l(10).
10
Let x(h) = 2*h + 19. Calculate x(-14).
-9
Let l(o) = o**3 - 7*o**2 - 9*o + 16. Calculate l(8).
8
Let k(t) = t**3 + 8*t**2 - 9*t - 38. Determine k(-8).
34
Let s(f) = f**3 + f**2 - 10*f - 11. Give s(5).
89
Let b(n) = n**3 - 6*n**2 + 11*n - 9. What is b(4)?
3
Let g(b) = -b**3 + b**2 + 3*b - 10. Calculate g(2).
-8
Let b(p) = -171*p - 340. Give b(-2).
2
Let z(f) = -3*f - 30. What is z(-4)?
-18
Let w(h) = -310*h + 621. Give w(2).
1
Let p(g) = -g**3 + 18*g**2 + 17*g + 38. What is p(19)?
0
Let p(k) = 5*k**2 - 32*k + 2. Calculate p(6).
-10
Let g(f) = -93*f + 2052. Calculate g(22).
6
Let s(q) = -2*q + 5. What is s(-19)?
43
Let l(w) = 8*w - 73. Calculate l(9).
-1
Let i(x) = x**3 + 7*x**2 + 7*x + 5. Give i(-4).
25
Let a(c) = c**3 - 16*c**2 - 3*c + 39. Determine a(16).
-9
Let p(o) = -o**3 - 4*o**2 - 3. Determine p(-4).
-3
Let d(m) = -15*m + 52. Determine d(3).
7
Let l(y) = y**2 - 14*y + 18. What is l(13)?
5
Let t(p) = -16*p + 35. What is t(3)?
-13
Let c(m) = -m**3 - 21*m**2 + 2*m + 31. Calculate c(-21).
-11
Let o(c) = c + 3. Determine o(-3).
0
Let q(m) = -m - 5. Give q(-19).
14
Let j(x) = 19*x + 7. Give j(2).
45
Let o(t) = 7*t + 18. Determine o(-12).
-66
Let n(j) = -j**2 - 10*j - 8. Calculate n(-9).
1
Let c(o) = -6*o - 25. Determine c(-6).
11
Let p(i) = -2*i**2 - 30*i - 20. Determine p(-14).
8
Let m(t) = t**3 + 9*t**2 - 24*t - 29. Determine m(-11).
-7
Let j(p) = -p**2 + 5*p - 3. What is j(5)?
-3
Let b(y) = -4*y**3 + y**2 - y + 1. Calculate b(1).
-3
Let u(s) = -s**3 + s. What is u(-2)?
6
Let k(n) = -n**3 - 4*n**2 + 6*n + 6. Determine k(-5).
1
Let a(b) = -b**3 + 7*b**2 - 3*b - 4. Give a(6).
14
Let b(g) = g - 8. Determine b(-6).
-14
Let a(d) = -d**3 - 15*d**2 + 6*d - 29. Give a(-16).
131
Let g(z) = -z**2 - 4*z + 21. Determine g(-7).
0
Let d(n) = 34*n - 367. What is d(11)?
7
Let a(h) = -12*h. Determine a(6).
-72
Let t(d) = 4*d**3 + d. What is t(1)?
5
Let p(n) = 16*n**3 - n**2 + n - 2. What is p(1)?
14
Let r(z) = -z**3 - 6*z**2 + 6*z + 11. Calculate r(-7).
18
Let k(v) = v**2 - 23*v - 73. Give k(26).
5
Let r(c) = 2*c + 3. Calculate r(0).
3
Let r(u) = -u + 3. Calculate r(-1).
4
Let z(l) = l**2 - 15*l + 4. What is z(14)?
-10
Let j(n) = n**2 - 15*n + 37. Calculate j(8).
-19
Let f(u) = -u**3 + 7*u**2 + u - 8. Give f(7).
-1
Let m(n) = 2*n**3 - 19*n**2 - 60*n - 7. Determine m(12).
-7
Let h(l) = -l + 19. Determine h(9).
10
Let n(w) = w**2 - w - 10. Determine n(5).
10
Let l(y) = -y**2 - 5*y + 18. Give l(-6).
12
Let l(p) = -2*p**2 + 41*p + 6. Give l(21).
-15
Let c(q) = 4*q - 40. Determine c(11).
4
Let q(s) = -8*s**2 + 66*s - 65. Determine q(1).
-7
Let x(d) = -d**3 + 5*d**2 + 17*d - 24. Give x(7).
-3
Let g(d) = d**3 - 31*d**2 + 2*d - 55. Give g(31).
7
Let a(v) = 15*v**2 - v - 7. Determine a(-2).
55
Let h(x) = -x**3 - 8*x**2 - 7*x + 34. What is h(-5)?
-6
Let o(i) = -i**3 - 6*i**2 + 14*i + 2. What is o(-8)?
18
Let l(p) = -15*p - 89. Calculate l(-6).
1
Let p(k) = 2*k**3 + 6*k**2 + 2. What is p(-3)?
2
Let c(n) = -2*n - 47. What is c(-24)?
1
Let h(o) = 6*o - 29. What is h(6)?
7
Let k(a) = -4*a - 1. Calculate k(-1).
3
Let d(y) = 9*y - 75. Calculate d(9).
6
Let u(l) = -2*l**2 + 7*l - 4. What is u(5)?
-19
Let o(q) = -3*q + 27. Determine o(8).
3
Let j(x) = -x**2 - 18*x + 28. Give j(-20).
-12
Let z(x) = x**3 - 12*x**2 - 13*x - 13. Give z(13).
-13
Let b(i) = i**3 - 32*i**2 + 30*i + 16. Determine b(31).
-15
Let r(y) = -2*y**2 + y + 3. Determine r(2).
-3
Let r(h) = 9*h - 19. What is r(1)?
-10
Let j(k) = k**3 + 5*k**2 - k - 9. What is j(-4)?
11
Let z(g) = -g**2 - 20*g - 105. Give z(-14).
-21
Let r(b) = -b**3 + 20*b**2 + 18*b + 65. What is r(21)?
2
Let p(i) = i**2 + 16*i + 16. Determine p(-10).
-44
Let y(o) = -o**2 - 9*o - 9. Determine y(-7).
5
Let q(a) = a**3 - 5*a**2 - 23*a - 2. Give q(8).
6
Let v(b) = 5*b + 4. Give v(1).
9
Let u(c) = 6*c + 49. What is u(-9)?
-5
Let w(p) = p**3 - 3*p**2 - 11*p + 26. Calculate w(4).
-2
Let i(d) = d + 20. Calculate i(-11).
9
Let b(c) = 6*c + 33. Determine b(-10).
-27
Let i(l) = l - 21. What is i(17)?
-4
Let y(s) = -2*s**3 - s**2 - s + 1. Determine y(1).
-3
Let v(r) = r**2 + 22*r + 31. What is v(-15)?
-74
Let z(w) = -w - 13. Determine z(-12).
-1
Let u(j) = -j**2 + 12*j + 25. Give u(16).
-39
Let y(g) = -g + 5. Calculate y(-3).
8
Let i(o) = -o + 7. Calculate i(15).
-8
Let s(w) = -w**2 + w - 3. Calculate s(-4).
-23
Let v(l) = -l**3 - 10*l**2 - 10*l - 4. What is v(-9)?
5
Let z(s) = s**2 - 39*s + 133. What is z(34)?
-37
Let p(l) = -l**2 - 13*l - 1. Give p(-9).
35
Let v(u) = 28*u - 128. What is v(5)?
12
Let t(u) = u**2 - 14*u + 1. What is t(6)?
-47
Let g(y) = 3*y**2 + 2*y + 3. What is g(-1)?
4
Let v(z) = -z**3 + 22*z**2 + z - 31. What is v(22)?
-9
Let x(j) = -j**2 + 7*j. Give x(5).
10
Let t(v) = v + 13. Give t(9).
22
Let z(g) = 2*g**3 - 15*g**2 + 18*g + 1. Determine z(6).
1
Let k(t) = t**2 + 6*t + 4. What is k(-3)?
-5
Let p(i) = -3*i + 9. What is p(-3)?
18
Let z(k) = k**2 + 15*k - 16. Determine z(-15).
-16
Let h(n) = -3*n**2 + n + 3. Give h(2).
-7
Let w(j) = j**3 - 21*j**2 + 24*j - 72. Calculate w(20).
8
Let d(a) = a**3 - 3*a**2 - 1. What is d(2)?
-5
Let t(j) = -7*j**2 + 5*j - 5. Determine t(1).
-7
Let m(b) = -b**2 + 11*b - 3. Give m(7).
25
Let s(o) = -o**3 + 2*o**2 - o. Determine s(2).
-2
Let a(r) = r**3 + 4*r**2 - 14*r - 32. Determine a(-6).
-20
Let y(j) = -j**2 + j - 55. Calculate y(0).
-55
Let o(s) = -s**3 - 6*s**2 - 5. Give o(-6).
-5
Let d(u) = u**3 - 14*u**2 + 3*u + 15. Calculate d(14).
57
Let n(c) = c**3 - 5*c**2 + 3*c + 9. What is n(4)?
5
Let a(v) = -v**3 - 14*v**2 - 12*v + 3. Calculate a(-13).
-10
Let a(q) = 2*q**3 + 100*q**2 - 3*q - 14